{"id":252,"date":"2025-07-31T15:43:25","date_gmt":"2025-07-31T13:43:25","guid":{"rendered":"https:\/\/ahadesign.cz\/ahadesignklub\/?page_id=252"},"modified":"2026-02-17T09:20:54","modified_gmt":"2026-02-17T07:20:54","slug":"pridat-grafiku","status":"publish","type":"page","link":"https:\/\/ahadesign.cz\/ahadesignklub\/pridat-grafiku\/","title":{"rendered":"P\u0159idat grafiku"},"content":{"rendered":"\t\t<div data-elementor-type=\"wp-page\" data-elementor-id=\"252\" class=\"elementor elementor-252\">\n\t\t\t\t<div class=\"elementor-element elementor-element-6cb60d8 e-flex e-con-boxed e-con e-parent\" data-id=\"6cb60d8\" data-element_type=\"container\" data-e-type=\"container\">\n\t\t\t\t\t<div class=\"e-con-inner\">\n\t\t\t\t<div class=\"elementor-element elementor-element-9bf8d7b elementor-widget elementor-widget-shortcode\" data-id=\"9bf8d7b\" data-element_type=\"widget\" data-e-type=\"widget\" data-widget_type=\"shortcode.default\">\n\t\t\t\t\t\t\t<div class=\"elementor-shortcode\"><div id=\"quform-bf3a5d\" class=\"quform quform-1 quform-support-page-caching\"><form id=\"quform-form-bf3a5d\" class=\"quform-form quform-form-1\" action=\"\/ahadesignklub\/wp-json\/wp\/v2\/pages\/252#quform-bf3a5d\" method=\"post\" enctype=\"multipart\/form-data\" novalidate=\"novalidate\" data-options=\"{&quot;id&quot;:1,&quot;uniqueId&quot;:&quot;bf3a5d&quot;,&quot;theme&quot;:&quot;&quot;,&quot;ajax&quot;:true,&quot;logic&quot;:{&quot;logic&quot;:[],&quot;dependents&quot;:[],&quot;elementIds&quot;:[],&quot;dependentElementIds&quot;:[],&quot;animate&quot;:true},&quot;currentPageId&quot;:1,&quot;errorsIcon&quot;:&quot;&quot;,&quot;updateFancybox&quot;:true,&quot;hasPages&quot;:false,&quot;pages&quot;:[1],&quot;pageProgressType&quot;:&quot;numbers&quot;,&quot;tooltipsEnabled&quot;:true,&quot;tooltipClasses&quot;:&quot;qtip-quform-dark qtip-shadow&quot;,&quot;tooltipMy&quot;:&quot;left center&quot;,&quot;tooltipAt&quot;:&quot;right center&quot;,&quot;isRtl&quot;:false,&quot;scrollOffset&quot;:-50,&quot;scrollSpeed&quot;:800}\"><button class=\"quform-default-submit\" name=\"quform_submit\" type=\"submit\" value=\"submit\" aria-hidden=\"true\" tabindex=\"-1\"><\/button><div class=\"quform-form-inner quform-form-inner-1\"><input type=\"hidden\" name=\"quform_form_id\" value=\"1\" \/><input type=\"hidden\" name=\"quform_form_uid\" value=\"bf3a5d\" \/><input type=\"hidden\" name=\"quform_count\" value=\"1\" \/><input type=\"hidden\" name=\"form_url\" value=\"https:\/\/ahadesign.cz\/ahadesignklub\/wp-json\/wp\/v2\/pages\/252\" \/><input type=\"hidden\" name=\"referring_url\" value=\"\" \/><input type=\"hidden\" name=\"post_id\" value=\"\" \/><input type=\"hidden\" name=\"post_title\" value=\"\" \/><input type=\"hidden\" name=\"quform_current_page_id\" value=\"1\" \/><input type=\"hidden\" name=\"quform_loaded\" value=\"1778406881|21edc104a0a221f71d7208571728df01\" \/><input type=\"hidden\" name=\"quform_csrf_token\" value=\"ftr8xZKiLoTq9IVFUsXZLp20j5LIVG5SYnYVeGuP\" \/><div class=\"quform-elements quform-elements-1 quform-cf quform-responsive-elements-phone-landscape\"><div class=\"quform-element quform-element-page quform-page-1 quform-page-1_1 quform-cf quform-group-style-plain quform-first-page quform-last-page quform-current-page\"><div class=\"quform-child-elements\"><div class=\"quform-element quform-element-textarea quform-element-1_641379 quform-sr-only quform-cf\" style=\"clip: rect(1px, 1px, 1px, 1px); clip-path: inset(50%); position: absolute !important; height: 1px; width: 1px; overflow: hidden;\"><div class=\"quform-spacer\"><div class=\"quform-label quform-label-1_641379\"><label class=\"quform-label-text\" for=\"quform_1_641379_bf3a5d\">Website URL<span class=\"quform-required\">*<\/span><\/label><\/div><div class=\"quform-inner quform-inner-1_641379\"><textarea id=\"quform_1_641379_bf3a5d\" name=\"quform_1_641379\" class=\"quform-field quform-field-textarea quform-field-1_641379\" tabindex=\"-1\" autocomplete=\"new-password\"><\/textarea><\/div><\/div><\/div><div class=\"quform-element quform-element-row quform-element-row-1_4 quform-2-columns quform-element-row-size-fixed quform-responsive-columns-phone-landscape\"><div class=\"quform-element quform-element-column quform-element-1_5\"><div class=\"quform-element quform-element-text quform-element-1_3 quform-cf quform-element-required\"><div class=\"quform-spacer\"><div class=\"quform-label quform-label-1_3\"><label class=\"quform-label-text\" for=\"quform_1_3_bf3a5d\">Va\u0161e jm\u00e9no<span class=\"quform-required\">*<\/span><\/label><\/div><div class=\"quform-inner quform-inner-text quform-inner-1_3\"><div class=\"quform-input quform-input-text quform-input-1_3 quform-cf\"><input type=\"text\" id=\"quform_1_3_bf3a5d\" name=\"quform_1_3\" class=\"quform-field quform-field-text quform-field-1_3\" \/><\/div><\/div><\/div><\/div><\/div><div class=\"quform-element quform-element-column quform-element-1_6\"><div class=\"quform-element quform-element-email quform-element-1_7 quform-cf quform-element-required\"><div class=\"quform-spacer\"><div class=\"quform-label quform-label-1_7\"><label class=\"quform-label-text\" for=\"quform_1_7_bf3a5d\">V\u00e1\u0161 e-mail<span class=\"quform-required\">*<\/span><\/label><\/div><div class=\"quform-inner quform-inner-email quform-inner-1_7\"><div class=\"quform-input quform-input-email quform-input-1_7 quform-cf\"><input type=\"email\" id=\"quform_1_7_bf3a5d\" name=\"quform_1_7\" class=\"quform-field quform-field-email quform-field-1_7\" \/><\/div><\/div><\/div><\/div><\/div><\/div><div class=\"quform-element quform-element-file quform-element-1_8 quform-cf quform-element-required\"><div class=\"quform-spacer\"><div class=\"quform-label quform-label-1_8\"><label class=\"quform-label-text\" for=\"quform_1_8_bf3a5d\">Va\u0161e grafika<span class=\"quform-required\">*<\/span><\/label><\/div><div class=\"quform-inner quform-inner-file quform-inner-1_8\"><div class=\"quform-input quform-input-file quform-input-1_8 quform-cf quform-button-style-classic quform-button-width-full\"><input type=\"file\" id=\"quform_1_8_bf3a5d\" name=\"quform_1_8[]\" class=\"quform-field quform-field-file quform-field-1_8 quform-field-file-enhanced\" data-config=\"{&quot;id&quot;:8,&quot;identifier&quot;:&quot;1_8&quot;,&quot;name&quot;:&quot;quform_1_8&quot;,&quot;max&quot;:1,&quot;size&quot;:10485760,&quot;allowedExtensions&quot;:[&quot;jpg&quot;,&quot;jpeg&quot;,&quot;png&quot;,&quot;gif&quot;],&quot;notAllowedTypeWithFilename&quot;:&quot;File type of &#039;%filename%&#039; is not allowed&quot;,&quot;tooBigWithFilename&quot;:&quot;File &#039;%filename%&#039; exceeds the maximum allowed file size&quot;,&quot;tooMany&quot;:&quot;You cannot upload more than %max% file(s)&quot;,&quot;buttonType&quot;:&quot;button&quot;,&quot;buttonText&quot;:&quot;P\\u0159idat n\\u00e1vrh&quot;,&quot;buttonIcon&quot;:&quot;qicon-file_upload&quot;,&quot;buttonIconPosition&quot;:&quot;right&quot;}\" \/><\/div><\/div><\/div><\/div><div class=\"quform-element quform-element-text quform-element-1_9 quform-cf quform-element-optional\"><div class=\"quform-spacer\"><div class=\"quform-label quform-label-1_9\"><label class=\"quform-label-text\" for=\"quform_1_9_bf3a5d\">N\u00e1zev grafiky<\/label><\/div><div class=\"quform-inner quform-inner-text quform-inner-1_9\"><div class=\"quform-input quform-input-text quform-input-1_9 quform-cf\"><input type=\"text\" id=\"quform_1_9_bf3a5d\" name=\"quform_1_9\" class=\"quform-field quform-field-text quform-field-1_9\" \/><\/div><\/div><\/div><\/div><div class=\"quform-element quform-element-text quform-element-1_10 quform-cf quform-element-optional\"><div class=\"quform-spacer\"><div class=\"quform-label quform-label-1_10\"><label class=\"quform-label-text\" for=\"quform_1_10_bf3a5d\">Odkaz na v\u00e1\u0161 web<\/label><\/div><div class=\"quform-inner quform-inner-text quform-inner-1_10\"><div class=\"quform-input quform-input-text quform-input-1_10 quform-cf\"><input type=\"text\" id=\"quform_1_10_bf3a5d\" name=\"quform_1_10\" class=\"quform-field quform-field-text quform-field-1_10\" \/><\/div><p class=\"quform-description quform-description-below\">Tento odkaz bude zve\u0159ejn\u011bn pouze u zve\u0159ejn\u011bn\u00e9 grafiky. U posouzen\u00ed n\u00e1vrhu jej nevkl\u00e1d\u00e1me a nemus\u00edte jej zad\u00e1vat.<\/p><\/div><\/div><\/div><div class=\"quform-element quform-element-text quform-element-1_13 quform-cf quform-element-required\"><div class=\"quform-spacer\"><div class=\"quform-label quform-label-1_13\"><label class=\"quform-label-text\" for=\"quform_1_13_bf3a5d\">Pod jak\u00fdm jm\u00e9nem a e-mailem jste zakoupili grafick\u00fd bal\u00ed\u010dek?<span class=\"quform-required\">*<\/span><\/label><\/div><div class=\"quform-inner quform-inner-text quform-inner-1_13\"><div class=\"quform-input quform-input-text quform-input-1_13 quform-cf\"><input type=\"text\" id=\"quform_1_13_bf3a5d\" name=\"quform_1_13\" class=\"quform-field quform-field-text quform-field-1_13\" \/><\/div><p class=\"quform-description quform-description-below\">Zve\u0159ejn\u011bn\u00ed grafiky je podm\u00edn\u011bno n\u00e1kupem gafick\u00e9ho bal\u00ed\u010dku AHADesign. Proto zde uve\u010fte, pod jak\u00fdm jm\u00e9nem a e-mailem jste bal\u00ed\u010dek zakoupili, nap\u0159. \u2013 Jana Nov\u00e1kov\u00e1 \/ jananovakova@seznam.cz<\/p><\/div><\/div><\/div><div class=\"quform-element quform-element-radio quform-element-1_14 quform-cf quform-element-optional\"><div class=\"quform-spacer\"><div class=\"quform-label quform-label-1_14\"><label class=\"quform-label-text\" id=\"quform_1_14_bf3a5d_label\">Ud\u011blen\u00ed souhlasu se zve\u0159ejn\u011bn\u00edm n\u00e1vrhu<\/label><\/div><div class=\"quform-inner quform-inner-radio quform-inner-1_14\"><div class=\"quform-input quform-input-radio quform-input-1_14 quform-cf\"><div class=\"quform-options quform-cf quform-options-block quform-options-simple\" role=\"radiogroup\" aria-labelledby=\"quform_1_14_bf3a5d_label\"><div class=\"quform-option\"><input type=\"radio\" name=\"quform_1_14\" id=\"quform_1_14_bf3a5d_1\" class=\"quform-field quform-field-radio quform-field-1_14 quform-field-1_14_1\" value=\"Ud\u011bluji souhlas se zve\u0159ejn\u011bn\u00edm n\u00e1vrhu\/grafiky\" \/><label for=\"quform_1_14_bf3a5d_1\" class=\"quform-option-label quform-option-label-1_14_1\"><span class=\"quform-option-text\">Ud\u011bluji souhlas se zve\u0159ejn\u011bn\u00edm n\u00e1vrhu\/grafiky<\/span><\/label><\/div><\/div><\/div><\/div><\/div><\/div><div class=\"quform-element quform-element-submit quform-element-1_2 quform-cf quform-button-style-classic quform-button-width-full\"><div class=\"quform-button-submit quform-button-submit-default quform-button-submit-1_2\"><button name=\"quform_submit\" type=\"submit\" class=\"quform-submit\" value=\"submit\"><span class=\"quform-button-text quform-button-submit-text\">Odeslat n\u00e1vrh<\/span><\/button><\/div><div class=\"quform-loading quform-loading-position-left quform-loading-type-spinner-1\"><div class=\"quform-loading-inner\"><div class=\"quform-loading-spinner\"><div class=\"quform-loading-spinner-inner\"><\/div><\/div><\/div><\/div><\/div><\/div><\/div><\/div><div class=\"quform-upload-progress-wrap\"><div class=\"quform-upload-progress-bar-wrap\"><div class=\"quform-upload-progress-bar\"><\/div><\/div><div class=\"quform-upload-info quform-cf\"><div class=\"quform-upload-filename\"><\/div><\/div><\/div><\/div><\/form><\/div><\/div>\n\t\t\t\t\t\t<\/div>\n\t\t\t\t\t<\/div>\n\t\t\t\t<\/div>\n\t\t\t\t<\/div>\n\t\t","protected":false},"excerpt":{"rendered":"","protected":false},"author":1,"featured_media":0,"parent":0,"menu_order":0,"comment_status":"closed","ping_status":"closed","template":"","meta":{"footnotes":""},"class_list":["post-252","page","type-page","status-publish","hentry"],"_links":{"self":[{"href":"https:\/\/ahadesign.cz\/ahadesignklub\/wp-json\/wp\/v2\/pages\/252","targetHints":{"allow":["GET"]}}],"collection":[{"href":"https:\/\/ahadesign.cz\/ahadesignklub\/wp-json\/wp\/v2\/pages"}],"about":[{"href":"https:\/\/ahadesign.cz\/ahadesignklub\/wp-json\/wp\/v2\/types\/page"}],"author":[{"embeddable":true,"href":"https:\/\/ahadesign.cz\/ahadesignklub\/wp-json\/wp\/v2\/users\/1"}],"replies":[{"embeddable":true,"href":"https:\/\/ahadesign.cz\/ahadesignklub\/wp-json\/wp\/v2\/comments?post=252"}],"version-history":[{"count":33,"href":"https:\/\/ahadesign.cz\/ahadesignklub\/wp-json\/wp\/v2\/pages\/252\/revisions"}],"predecessor-version":[{"id":1297,"href":"https:\/\/ahadesign.cz\/ahadesignklub\/wp-json\/wp\/v2\/pages\/252\/revisions\/1297"}],"wp:attachment":[{"href":"https:\/\/ahadesign.cz\/ahadesignklub\/wp-json\/wp\/v2\/media?parent=252"}],"curies":[{"name":"wp","href":"https:\/\/api.w.org\/{rel}","templated":true}]}}